 divided by (3 + -2)/(h/(-19))?
18
Let z = 344 + -220. What is the remainder when z is divided by 25?
24
Suppose 39 = -h + 4*h. Suppose -64 = -2*w + 5*i, 2*w - 3*i = i + 66. What is the remainder when w is divided by h?
11
Suppose 0 = 38*b - 41*b + 258. What is the remainder when b is divided by 22?
20
What is the remainder when 98 is divided by ((-3)/9)/(5/(-375))?
23
Let n be 903/9 - 1/3. Suppose -5*r = -300 + n. Suppose 0 = -3*x + y + 58, 0 = 3*x + 5*y - 41 - 47. Calculate the remainder when r is divided by x.
19
Let f = 73 - 31. What is the remainder when 209 is divided by f?
41
Suppose 4 = -m + 2*m. Suppose -m*i = 16, 2*i - 36 = -3*l - 2. Calculate the remainder when (2 - (2 + -1)) + 40 is divided by l.
13
Let d = -14 - -20. Calculate the remainder when d is divided by 2.
0
Suppose -b - 1 = 2*x - 4*b, -2*x - 5*b = 25. Let r = x - -12. Calculate the remainder when r is divided by 5.
2
Let k = -14 + 21. Suppose -3*i = -4*i + 13. What is the remainder when i is divided by k?
6
Suppose -v = -2*m + 12, 6*m - 2*m = v + 20. Calculate the remainder when 34 is divided by (m - 1) + (0 - -15).
16
Let q be 1/(47/46 + -1). Let o = q + -28. What is the remainder when o is divided by 7?
4
Let p be (-2)/(-4) - (-180)/8. Suppose -2*d - 1 = -p. Suppose d = 2*r - 25. Calculate the remainder when 35 is divided by r.
17
Let g = 358 - 202. Let j = g + -109. What is the remainder when j is divided by 24?
23
Let f be 1/2*(-1204)/(-7). Suppose 3*v + 4*p = f, 4*v = 2*p + p + 73. Calculate the remainder when 87 is divided by v.
21
Suppose -h - 11 = r + h, 0 = 2*h. Let p = 3 - r. What is the remainder when 27 is divided by p?
13
Suppose b + 0*b - 42 = -4*v, 2*v = -b + 50. Suppose -2*x = o - b, -x - o = 3*o - 36. What is the remainder when 110 is divided by x?
26
Let k = -5 + 11. What is the remainder when 9 is divided by k?
3
Suppose 158 = 3*y - 19. Suppose 0*q = 2*q + 3*v - y, -3*q + 87 = 3*v. Let b = q - 2. What is the remainder when b is divided by 9?
8
Let d = -25 - -43. Suppose t - l - 73 = 0, 2*t + 4*l + 43 = 171. Calculate the remainder when t is divided by d.
16
Suppose 5*w - 90 = -5. Let g(j) = -j**3 + 5*j**2 - 3*j - 4. What is the remainder when w is divided by g(3)?
2
Let x be 166/(-6) - (-2)/(-6). Let r = x - -103. Let n = r - 48. Calculate the remainder when n is divided by 14.
13
Suppose 4*b - 3*o + 83 = 0, 2*b + 52 = -3*o + 15. Let i = b - -32. Calculate the remainder when (-2)/2*-22 + 0 is divided by i.
10
Suppose q - s = -2*s - 9, -4*q - 5*s = 40. Let x = q + 8. Suppose -x*k = 9, 2*c - 14 - 17 = -k. What is the remainder when c is divided by 6?
5
Suppose -5*b = -b - 3*r - 196, -3*b - 2*r + 147 = 0. Let d = b - 13. Suppose 0 = -3*c + d + 9. Calculate the remainder when 29 is divided by c.
14
Let x(b) = -b + 8*b**2 - 3*b**2 - 3 - 1 + 0*b**2. Calculate the remainder when 35 is divided by x(-2).
17
Let v = 8 + -6. Suppose 3*u - 42 = f + v*f, 2*u - 37 = -f. Calculate the remainder when u is divided by 10.
7
Suppose 0*h - 112 = -4*h. Suppose -16 = -3*m - 4. Let u = m + h. Calculate the remainder when u is divided by 11.
10
Let r(l) = -l**3 + l**2 + 2*l. Let o be r(2). Let p = o - -5. What is the remainder when (-8)/(-4) - (-1 + -5) is divided by p?
3
Let i be (-6)/5*-5 - 3. Let n = 0 + i. Calculate the remainder when 12 is divided by n.
0
Let v(l) = l + 2. Let b be v(0). Suppose -3*j + j = b*s - 26, -3*s = -9. Calculate the remainder when 29 is divided by j.
9
Let z(j) = j**3 + 5*j**2 + 5*j + 2. Let a be z(-3). Suppose 3*b - 16 = -x, b - 1 = -a*x - 5. Calculate the remainder when 23 is divided by b.
5
Let r = 2 - -4. Let d(k) = k**2 - 2*k + 3. What is the remainder when d(r) is divided by 1/1*-1*-14?
13
Suppose -6*r + 148 - 28 = 0. Calculate the remainder when r is divided by 12.
8
Let a(u) = u**2 - 8*u + 11. Let q be a(-7). Suppose -2*r + 0*r + q = 0. Calculate the remainder when r is divided by 15.
13
Suppose -3*h - 19 = -f, -h + 3*f + 0*f - 9 = 0. What is the remainder when (-2)/8*6*(-176)/12 is divided by 18/8*(-32)/h?
10
Let c = 8 + 18. What is the remainder when c is divided by 15?
11
Let s = 0 - 4. Let o = s - -10. What is the remainder when o is divided by 4?
2
Let v(o) = -o**3 - 9*o**2 - 8*o + 6. Let k(i) = i**3 + i - 8. Let t be k(0). Calculate the remainder when 21 is divided by v(t).
3
Let j(m) = -m**3 + 7*m**2 + 7*m + 11. Let y be j(8). Suppose 0 = x + 13 - 5. Let o = y - x. What is the remainder when 20 is divided by o?
9
Let g(v) = v**2 + 4*v. Let s be g(-7). Calculate the remainder when 63 is divided by s/28 + (-183)/(-12).
15
Let c(l) = l**3 + 9*l**2 + 12*l + 6. Let b be c(-8). Let m = b - -53. What is the remainder when m is divided by 14?
13
Suppose 2*z - 5*s - 8 = 3*z, -2*z - 2*s + 8 = 0. Calculate the remainder when 19 is divided by z.
5
Let m(p) = -3 + 4 + 2*p**2 + 0 - 12*p**3. Let z(a) = 12*a**3 - 3*a**2 - 1. Let k(d) = 3*m(d) + 2*z(d). What is the remainder when 24 is divided by k(-1)?
11
What is the remainder when 23 is divided by 28/(-98) - (-116)/14?
7
Calculate the remainder when 0 - (0 - 27) - (6 + -3) is divided by 15.
9
Suppose 0 = -3*z - 7 + 79. What is the remainder when (z + -1)*5/5 is divided by 12?
11
Calculate the remainder when 40 is divided by (6 - 5) + 12*(-4)/(-6).
4
Let c(d) = d**3 - 3*d**2 - 2*d + 1. Let w = 49 + -23. Calculate the remainder when w is divided by c(4).
8
Let m = -20 + 25. Suppose 5*t = 2*t + 24. Calculate the remainder when t is divided by m.
3
Let x(w) = -w**3 + 6*w**2 + 7*w - 7. Let y be x(7). Suppose -3*l + 33 = 159. What is the remainder when 46 is divided by (-660)/l - 2/y?
14
What is the remainder when 15 is divided by (-2)/(-8) + 175/20?
6
Let b = -25 - -27. Let n = 1 + 3. Let s(d) = d**3 - 4*d**2 + d - 3. What is the remainder when b is divided by s(n)?
0
Let t(f) = -14*f - 5. Calculate the remainder when t(-5) is divided by 34.
31
Let w(f) = 5*f**3 + f**2 - 1. Let y = 0 + 1. Let v = 19 - 6. What is the remainder when v is divided by w(y)?
3
Let v = 40 + -21. What is the remainder when v is divided by 7?
5
Let c be 8/(-6)*(0 - -3). Calculate the remainder when 30/c*(-54)/45 is divided by 5.
4
Suppose -6*k = 3*k - 477. Calculate the remainder when k is divided by 27.
26
Suppose 25 = 5*f - 0*f. Suppose -a - 7 = w + a, 0 = f*w - 3*a - 17. Calculate the remainder when -2*(-87)/6*w is divided by 15.
14
Suppose 0 = 6*g - 4*g + 8. Let c = g + 6. Suppose -3*d + 36 = c*j - 14, 77 = 5*d - 3*j. Calculate the remainder when d is divided by 9.
7
Let i(c) = -c**2 + 2*c + 4. Let m be i(3). Let s be ((-3)/9)/(m/(-12)). Calculate the remainder when 5 is divided by (-1 + s)*-1*-1.
2
Let j(u) = 3*u - 1. Suppose 2*o + 1 - 15 = 0. Let c = o - 5. Calculate the remainder when j(1) is divided by c.
0
Let l(m) = m**2 + 5*m + 7. Calculate the remainder when l(-9) is divided by 11.
10
Let r(d) = -2*d**3 + 22*d + 4. Calculate the remainder when r(-4) is divided by 5.
4
Let v(n) = -n**3 - 5*n**2 - 6*n + 2. Let i be v(-6). Suppose 31 = 2*h + o, -o = 4*h - 3*o - i. Calculate the remainder when h is divided by 10.
7
Let i(z) = -z**2 + 12*z - 17. Calculate the remainder when 33 is divided by i(4).
3
Let u be (-4)/4*(-170 + 1). Suppose -2*k - 5*n = -5*k + u, 0 = -3*k + 3*n + 159. What is the remainder when k is divided by 17?
14
Let g be 2/(-8) + 1220/16. What is the remainder when 6/3 - g/(-2) is divided by 14?
12
Suppose -4*w = 4 - 24. Suppose -12 = -w*n + 8. Suppose 5*y = 5*a - 25, n*a - 37 - 4 = -3*y. What is the remainder when 22 is divided by a?
6
Let l(f) = -2*f**2 - 2*f. Let q be l(2). What is the remainder when 40 is divided by (q/(-4))/(6/28)?
12
Let q(p) = p**2 + p - 1. Calculate the remainder when 36 is divided by q(4).
17
Suppose 72 = -u + 5*u. Let q = -3 + u. Calculate the remainder when q is divided by 8.
7
Let f be 8/(-36) + 112/18. Suppose 0 = -f*u + 5*u + 2. Suppose 0*d = u*d - 28. Calculate the remainder when d is divided by 5.
4
Let k = 14 - 4. Suppose -6*m = -m - 10. Suppose -m*b + b + 4 = 0. Calculate the remainder when k is divided by b.
2
Let z = -7 + 3. Calculate the remainder when 13 is divided by 44/10 - z/(-10).
1
What is the remainder when 8 is divided by 2 - -1 - 6/9*-3?
3
Let v(w) = w**3 + w**2 + 4. Let q be v(0). Calculate the remainder when 2 is divided by (2/q)/(1/2).
0
What is the re